{"id":468,"date":"2017-10-10T17:26:07","date_gmt":"2017-10-10T17:26:07","guid":{"rendered":"http:\/\/byimelda.com\/?page_id=468"},"modified":"2017-10-10T17:26:07","modified_gmt":"2017-10-10T17:26:07","slug":"politica-de-privacidad","status":"publish","type":"page","link":"https:\/\/byimelda.com\/?page_id=468","title":{"rendered":"Pol\u00edtica de Privacidad"},"content":{"rendered":"<h1>Protecci\u00f3n de Datos<\/h1>\n<ol>\n<li><b>Imelda S\u00e1nchez Garc\u00eda<\/b>, con domicilio en Pol\u00edgono Industrial El Montalvo III c\/ Tercera , 19, 37008, Carbajosa de la Sagrada, Salamanca, con n\u00famero de C.I.F: 07825831-N (en adelante,&nbsp;<strong>ByImelda&nbsp;<\/strong>).&nbsp;&nbsp;Como titular a todos los efectos de la presente p\u00e1gina web www.byimelda.com y responsable de los ficheros automatizados derivados de la misma, garantiza el \u00edntegro y pleno cumplimiento de las obligaciones dispuestas por la Ley Org\u00e1nica 15\/1999, de 13 de diciembre, de Protecci\u00f3n de Datos Personales, as\u00ed como las dispuestas en su Reglamento de desarrollo, aprobado por el Real Decreto 1720\/2007 de 21 de diciembre (en adelante, LOPD y RLOPD) y dem\u00e1s normativa aplicable.<\/li>\n<li>Esta declaraci\u00f3n tiene como finalidad informar a los usuarios de la pol\u00edtica de protecci\u00f3n de datos personales seguida por <strong>ByImelda<\/strong>. Ser\u00e1 aplicable en caso de que los usuarios decidan rellenar alg\u00fan formulario de <strong>ByImelda<\/strong>&nbsp;donde se recaben datos de car\u00e1cter personal, sin perjuicio de lo indicado en la Cl\u00e1usula de Privacidad aplicable a cada formulario concreto.<\/li>\n<li><strong>ByImelda&nbsp;<\/strong>puede modificar esta Pol\u00edtica de Privacidad en funci\u00f3n de exigencias legislativas o de autorregulaci\u00f3n, por ello se aconseja a los usuarios que la visiten peri\u00f3dicamente.<\/li>\n<li><strong>ByImelda&nbsp;<\/strong>tiene plena conciencia del uso y tratamiento que se debe dar a los datos personales que se puedan requerir o que se puedan obtener de los usuarios en sus p\u00e1ginas web con el fin de gestionar los servicios ofrecidos o para remitirles comunicaciones comerciales de productos o servicios que puedan resultar de su inter\u00e9s.<\/li>\n<li><strong>ByImelda&nbsp;<\/strong>adoptar\u00e1 las medidas de \u00edndole t\u00e9cnica y organizativa necesarias que garanticen la seguridad de los datos de car\u00e1cter personal y eviten as\u00ed su alteraci\u00f3n, p\u00e9rdida, tratamiento o acceso no autorizado, habida cuenta del estado de la tecnolog\u00eda de acuerdo con lo establecido por el RLOPD. Sin embargo, <strong>ByImelda<\/strong>&nbsp;no puede garantizar la absoluta inexpugnabilidad de la red Internet y por tanto la violaci\u00f3n de los datos mediante accesos fraudulentos a ellos por parte de terceros.<\/li>\n<li>Parte de los servicios que <strong>ByImelda<\/strong>&nbsp;ofrece a sus usuarios utilizan cookies. La cookie es un peque\u00f1o archivo de texto que el servidor puede guardar en el disco duro de un equipo para almacenar alg\u00fan tipo de informaci\u00f3n sobre el usuario. La cookie solo puede ser le\u00edda por el sitio web que lo envi\u00f3 al equipo. No es un archivo ejecutable ni puede propagar ni contener un virus. <strong>ByImelda<\/strong>&nbsp;utiliza estos datos con el fin \u00faltimo de mejorar sus servicios. La informaci\u00f3n que <strong>ByImelda<\/strong>&nbsp;almacena mediante este mecanismo permite reconocer al usuario en sus diferentes visitas al sitio web. El usuario puede configurar su navegador para aceptar o rechazar las cookies sin embargo <strong>ByImelda<\/strong>&nbsp;le aconseja y agradece que active la aceptaci\u00f3n de cookies para poder obtener datos m\u00e1s precisos que permiten mejorar el contenido y adaptarlo a las preferencias del usuario. <strong>ByImelda<\/strong>&nbsp;no se responsabiliza de que la desactivaci\u00f3n de las cookies impida el buen funcionamiento de la p\u00e1gina.<\/li>\n<li>Los usuarios responder\u00e1n, en cualquier caso, de la veracidad de los datos facilitados y se hacen responsables de comunicar a <strong>ByImelda<\/strong>&nbsp;cualquier modificaci\u00f3n en los mismos, quedando&nbsp;<strong>ByImelda<\/strong>&nbsp;exento de cualquier tipo de responsabilidad a este respecto.<\/li>\n<li>Los usuarios tienen reconocidos y podr\u00e1n ejercitar los derechos de acceso, cancelaci\u00f3n, rectificaci\u00f3n y oposici\u00f3n, mediante comunicaci\u00f3n escrita a las direcciones indicadas en cada caso o a la direcci\u00f3n indicada en el punto 1, identific\u00e1ndose y concretando su solicitud. En su caso, deber\u00e1n aportar fotocopia del DNI o documento equivalente.<\/li>\n<li><strong>ByImelda<\/strong>, en virtud de la Ley 34\/2002, de 11 de julio, de Servicios de la Sociedad de la Informaci\u00f3n y de Comercio Electr\u00f3nico, en ning\u00fan caso remitir\u00e1 publicidad y comunicaciones con fines de venta u otras de naturaleza comercial a los usuarios sin que medie su previa solicitud o consentimiento. Asimismo tampoco remitir\u00e1 mensajes no solicitados ni consentidos previamente ni enviar\u00e1 cadenas de mensajes electr\u00f3nicos no solicitados ni previamente consentidos.<\/li>\n<li><strong>ByImelda<\/strong> informa a los usuarios que, en caso de haber solicitado el env\u00edo de mensajes comerciales, o alertas podr\u00e1n darse de baja de este tipo de comunicaciones siguiendo las instrucciones indicadas en cada caso o comunic\u00e1ndolo por escrito a trav\u00e9s de&nbsp;las direcciones indicadas en cada caso o a la direcci\u00f3n indicada en el punto 1.<\/li>\n<\/ol>\n<p>\u00a9 <strong>ByImelda<\/strong><strong>.<\/strong>&nbsp;2017.<\/p>\n","protected":false},"excerpt":{"rendered":"<p>Protecci\u00f3n de Datos Imelda S\u00e1nchez Garc\u00eda, con domicilio en Pol\u00edgono Industrial El Montalvo III c\/ Tercera , 19, 37008, Carbajosa de la Sagrada, Salamanca, con n\u00famero de C.I.F: 07825831-N (en adelante,&nbsp;ByImelda&nbsp;).&nbsp;&nbsp;Como titular a todos los efectos de la presente p\u00e1gina web www.byimelda.com y responsable de los ficheros automatizados derivados de la misma, garantiza el \u00edntegro [&hellip;]<\/p>\n","protected":false},"author":1,"featured_media":0,"parent":0,"menu_order":0,"comment_status":"closed","ping_status":"closed","template":"","meta":{"ngg_post_thumbnail":0,"footnotes":""},"class_list":["post-468","page","type-page","status-publish","hentry"],"yoast_head":"<!-- This site is optimized with the Yoast SEO plugin v25.1 - https:\/\/yoast.com\/wordpress\/plugins\/seo\/ -->\n<title>Pol\u00edtica de Privacidad - By Imelda<\/title>\n<meta name=\"robots\" content=\"index, follow, max-snippet:-1, max-image-preview:large, max-video-preview:-1\" \/>\n<link rel=\"canonical\" href=\"https:\/\/byimelda.com\/?page_id=468\" \/>\n<meta property=\"og:locale\" content=\"es_ES\" \/>\n<meta property=\"og:type\" content=\"article\" \/>\n<meta property=\"og:title\" content=\"Pol\u00edtica de Privacidad - By Imelda\" \/>\n<meta property=\"og:description\" content=\"Protecci\u00f3n de Datos Imelda S\u00e1nchez Garc\u00eda, con domicilio en Pol\u00edgono Industrial El Montalvo III c\/ Tercera , 19, 37008, Carbajosa de la Sagrada, Salamanca, con n\u00famero de C.I.F: 07825831-N (en adelante,&nbsp;ByImelda&nbsp;).&nbsp;&nbsp;Como titular a todos los efectos de la presente p\u00e1gina web www.byimelda.com y responsable de los ficheros automatizados derivados de la misma, garantiza el \u00edntegro [&hellip;]\" \/>\n<meta property=\"og:url\" content=\"https:\/\/byimelda.com\/?page_id=468\" \/>\n<meta property=\"og:site_name\" content=\"By Imelda\" \/>\n<meta name=\"twitter:card\" content=\"summary_large_image\" \/>\n<meta name=\"twitter:label1\" content=\"Tiempo de lectura\" \/>\n\t<meta name=\"twitter:data1\" content=\"4 minutos\" \/>\n<script type=\"application\/ld+json\" class=\"yoast-schema-graph\">{\"@context\":\"https:\/\/schema.org\",\"@graph\":[{\"@type\":\"WebPage\",\"@id\":\"https:\/\/byimelda.com\/?page_id=468\",\"url\":\"https:\/\/byimelda.com\/?page_id=468\",\"name\":\"Pol\u00edtica de Privacidad - By Imelda\",\"isPartOf\":{\"@id\":\"https:\/\/byimelda.com\/#website\"},\"datePublished\":\"2017-10-10T17:26:07+00:00\",\"breadcrumb\":{\"@id\":\"https:\/\/byimelda.com\/?page_id=468#breadcrumb\"},\"inLanguage\":\"es\",\"potentialAction\":[{\"@type\":\"ReadAction\",\"target\":[\"https:\/\/byimelda.com\/?page_id=468\"]}]},{\"@type\":\"BreadcrumbList\",\"@id\":\"https:\/\/byimelda.com\/?page_id=468#breadcrumb\",\"itemListElement\":[{\"@type\":\"ListItem\",\"position\":1,\"name\":\"Portada\",\"item\":\"https:\/\/byimelda.com\/\"},{\"@type\":\"ListItem\",\"position\":2,\"name\":\"Pol\u00edtica de Privacidad\"}]},{\"@type\":\"WebSite\",\"@id\":\"https:\/\/byimelda.com\/#website\",\"url\":\"https:\/\/byimelda.com\/\",\"name\":\"By Imelda\",\"description\":\"Bolsos fabricados en Espa\u00f1a\",\"publisher\":{\"@id\":\"https:\/\/byimelda.com\/#organization\"},\"potentialAction\":[{\"@type\":\"SearchAction\",\"target\":{\"@type\":\"EntryPoint\",\"urlTemplate\":\"https:\/\/byimelda.com\/?s={search_term_string}\"},\"query-input\":{\"@type\":\"PropertyValueSpecification\",\"valueRequired\":true,\"valueName\":\"search_term_string\"}}],\"inLanguage\":\"es\"},{\"@type\":\"Organization\",\"@id\":\"https:\/\/byimelda.com\/#organization\",\"name\":\"By Imelda\",\"url\":\"https:\/\/byimelda.com\/\",\"logo\":{\"@type\":\"ImageObject\",\"inLanguage\":\"es\",\"@id\":\"https:\/\/byimelda.com\/#\/schema\/logo\/image\/\",\"url\":\"https:\/\/byimelda.com\/wp-content\/uploads\/2017\/06\/cropped-logo_con_premios_by_imelda.jpg\",\"contentUrl\":\"https:\/\/byimelda.com\/wp-content\/uploads\/2017\/06\/cropped-logo_con_premios_by_imelda.jpg\",\"width\":217,\"height\":200,\"caption\":\"By Imelda\"},\"image\":{\"@id\":\"https:\/\/byimelda.com\/#\/schema\/logo\/image\/\"}}]}<\/script>\n<!-- \/ Yoast SEO plugin. -->","yoast_head_json":{"title":"Pol\u00edtica de Privacidad - By Imelda","robots":{"index":"index","follow":"follow","max-snippet":"max-snippet:-1","max-image-preview":"max-image-preview:large","max-video-preview":"max-video-preview:-1"},"canonical":"https:\/\/byimelda.com\/?page_id=468","og_locale":"es_ES","og_type":"article","og_title":"Pol\u00edtica de Privacidad - By Imelda","og_description":"Protecci\u00f3n de Datos Imelda S\u00e1nchez Garc\u00eda, con domicilio en Pol\u00edgono Industrial El Montalvo III c\/ Tercera , 19, 37008, Carbajosa de la Sagrada, Salamanca, con n\u00famero de C.I.F: 07825831-N (en adelante,&nbsp;ByImelda&nbsp;).&nbsp;&nbsp;Como titular a todos los efectos de la presente p\u00e1gina web www.byimelda.com y responsable de los ficheros automatizados derivados de la misma, garantiza el \u00edntegro [&hellip;]","og_url":"https:\/\/byimelda.com\/?page_id=468","og_site_name":"By Imelda","twitter_card":"summary_large_image","twitter_misc":{"Tiempo de lectura":"4 minutos"},"schema":{"@context":"https:\/\/schema.org","@graph":[{"@type":"WebPage","@id":"https:\/\/byimelda.com\/?page_id=468","url":"https:\/\/byimelda.com\/?page_id=468","name":"Pol\u00edtica de Privacidad - By Imelda","isPartOf":{"@id":"https:\/\/byimelda.com\/#website"},"datePublished":"2017-10-10T17:26:07+00:00","breadcrumb":{"@id":"https:\/\/byimelda.com\/?page_id=468#breadcrumb"},"inLanguage":"es","potentialAction":[{"@type":"ReadAction","target":["https:\/\/byimelda.com\/?page_id=468"]}]},{"@type":"BreadcrumbList","@id":"https:\/\/byimelda.com\/?page_id=468#breadcrumb","itemListElement":[{"@type":"ListItem","position":1,"name":"Portada","item":"https:\/\/byimelda.com\/"},{"@type":"ListItem","position":2,"name":"Pol\u00edtica de Privacidad"}]},{"@type":"WebSite","@id":"https:\/\/byimelda.com\/#website","url":"https:\/\/byimelda.com\/","name":"By Imelda","description":"Bolsos fabricados en Espa\u00f1a","publisher":{"@id":"https:\/\/byimelda.com\/#organization"},"potentialAction":[{"@type":"SearchAction","target":{"@type":"EntryPoint","urlTemplate":"https:\/\/byimelda.com\/?s={search_term_string}"},"query-input":{"@type":"PropertyValueSpecification","valueRequired":true,"valueName":"search_term_string"}}],"inLanguage":"es"},{"@type":"Organization","@id":"https:\/\/byimelda.com\/#organization","name":"By Imelda","url":"https:\/\/byimelda.com\/","logo":{"@type":"ImageObject","inLanguage":"es","@id":"https:\/\/byimelda.com\/#\/schema\/logo\/image\/","url":"https:\/\/byimelda.com\/wp-content\/uploads\/2017\/06\/cropped-logo_con_premios_by_imelda.jpg","contentUrl":"https:\/\/byimelda.com\/wp-content\/uploads\/2017\/06\/cropped-logo_con_premios_by_imelda.jpg","width":217,"height":200,"caption":"By Imelda"},"image":{"@id":"https:\/\/byimelda.com\/#\/schema\/logo\/image\/"}}]}},"_links":{"self":[{"href":"https:\/\/byimelda.com\/index.php?rest_route=\/wp\/v2\/pages\/468","targetHints":{"allow":["GET"]}}],"collection":[{"href":"https:\/\/byimelda.com\/index.php?rest_route=\/wp\/v2\/pages"}],"about":[{"href":"https:\/\/byimelda.com\/index.php?rest_route=\/wp\/v2\/types\/page"}],"author":[{"embeddable":true,"href":"https:\/\/byimelda.com\/index.php?rest_route=\/wp\/v2\/users\/1"}],"replies":[{"embeddable":true,"href":"https:\/\/byimelda.com\/index.php?rest_route=%2Fwp%2Fv2%2Fcomments&post=468"}],"version-history":[{"count":1,"href":"https:\/\/byimelda.com\/index.php?rest_route=\/wp\/v2\/pages\/468\/revisions"}],"predecessor-version":[{"id":469,"href":"https:\/\/byimelda.com\/index.php?rest_route=\/wp\/v2\/pages\/468\/revisions\/469"}],"wp:attachment":[{"href":"https:\/\/byimelda.com\/index.php?rest_route=%2Fwp%2Fv2%2Fmedia&parent=468"}],"curies":[{"name":"wp","href":"https:\/\/api.w.org\/{rel}","templated":true}]}}

Política de Privacidad

<h1>Protección de Datos</h1>
<ol>
<li><b>Imelda Sánchez García</b>, con domicilio en Polígono Industrial El Montalvo III c/ Tercera , 19, 37008, Carbajosa de la Sagrada, Salamanca, con número de C.I.F: 07825831-N (en adelante,&nbsp;<strong>ByImelda&nbsp;</strong>).&nbsp;&nbsp;Como titular a todos los efectos de la presente página web www.byimelda.com y responsable de los ficheros automatizados derivados de la misma, garantiza el íntegro y pleno cumplimiento de las obligaciones dispuestas por la Ley Orgánica 15/1999, de 13 de diciembre, de Protección de Datos Personales, así como las dispuestas en su Reglamento de desarrollo, aprobado por el Real Decreto 1720/2007 de 21 de diciembre (en adelante, LOPD y RLOPD) y demás normativa aplicable.</li>
<li>Esta declaración tiene como finalidad informar a los usuarios de la política de protección de datos personales seguida por <strong>ByImelda</strong>. Será aplicable en caso de que los usuarios decidan rellenar algún formulario de <strong>ByImelda</strong>&nbsp;donde se recaben datos de carácter personal, sin perjuicio de lo indicado en la Cláusula de Privacidad aplicable a cada formulario concreto.</li>
<li><strong>ByImelda&nbsp;</strong>puede modificar esta Política de Privacidad en función de exigencias legislativas o de autorregulación, por ello se aconseja a los usuarios que la visiten periódicamente.</li>
<li><strong>ByImelda&nbsp;</strong>tiene plena conciencia del uso y tratamiento que se debe dar a los datos personales que se puedan requerir o que se puedan obtener de los usuarios en sus páginas web con el fin de gestionar los servicios ofrecidos o para remitirles comunicaciones comerciales de productos o servicios que puedan resultar de su interés.</li>
<li><strong>ByImelda&nbsp;</strong>adoptará las medidas de índole técnica y organizativa necesarias que garanticen la seguridad de los datos de carácter personal y eviten así su alteración, pérdida, tratamiento o acceso no autorizado, habida cuenta del estado de la tecnología de acuerdo con lo establecido por el RLOPD. Sin embargo, <strong>ByImelda</strong>&nbsp;no puede garantizar la absoluta inexpugnabilidad de la red Internet y por tanto la violación de los datos mediante accesos fraudulentos a ellos por parte de terceros.</li>
<li>Parte de los servicios que <strong>ByImelda</strong>&nbsp;ofrece a sus usuarios utilizan cookies. La cookie es un pequeño archivo de texto que el servidor puede guardar en el disco duro de un equipo para almacenar algún tipo de información sobre el usuario. La cookie solo puede ser leída por el sitio web que lo envió al equipo. No es un archivo ejecutable ni puede propagar ni contener un virus. <strong>ByImelda</strong>&nbsp;utiliza estos datos con el fin último de mejorar sus servicios. La información que <strong>ByImelda</strong>&nbsp;almacena mediante este mecanismo permite reconocer al usuario en sus diferentes visitas al sitio web. El usuario puede configurar su navegador para aceptar o rechazar las cookies sin embargo <strong>ByImelda</strong>&nbsp;le aconseja y agradece que active la aceptación de cookies para poder obtener datos más precisos que permiten mejorar el contenido y adaptarlo a las preferencias del usuario. <strong>ByImelda</strong>&nbsp;no se responsabiliza de que la desactivación de las cookies impida el buen funcionamiento de la página.</li>
<li>Los usuarios responderán, en cualquier caso, de la veracidad de los datos facilitados y se hacen responsables de comunicar a <strong>ByImelda</strong>&nbsp;cualquier modificación en los mismos, quedando&nbsp;<strong>ByImelda</strong>&nbsp;exento de cualquier tipo de responsabilidad a este respecto.</li>
<li>Los usuarios tienen reconocidos y podrán ejercitar los derechos de acceso, cancelación, rectificación y oposición, mediante comunicación escrita a las direcciones indicadas en cada caso o a la dirección indicada en el punto 1, identificándose y concretando su solicitud. En su caso, deberán aportar fotocopia del DNI o documento equivalente.</li>
<li><strong>ByImelda</strong>, en virtud de la Ley 34/2002, de 11 de julio, de Servicios de la Sociedad de la Información y de Comercio Electrónico, en ningún caso remitirá publicidad y comunicaciones con fines de venta u otras de naturaleza comercial a los usuarios sin que medie su previa solicitud o consentimiento. Asimismo tampoco remitirá mensajes no solicitados ni consentidos previamente ni enviará cadenas de mensajes electrónicos no solicitados ni previamente consentidos.</li>
<li><strong>ByImelda</strong> informa a los usuarios que, en caso de haber solicitado el envío de mensajes comerciales, o alertas podrán darse de baja de este tipo de comunicaciones siguiendo las instrucciones indicadas en cada caso o comunicándolo por escrito a través de&nbsp;las direcciones indicadas en cada caso o a la dirección indicada en el punto 1.</li>
</ol>
<p>© <strong>ByImelda</strong><strong>.</strong>&nbsp;2017.</p>

<p>Protección de Datos Imelda Sánchez García, con domicilio en Polígono Industrial El Montalvo III c/ Tercera , 19, 37008, Carbajosa de la Sagrada, Salamanca, con número de C.I.F: 07825831-N (en adelante,&nbsp;ByImelda&nbsp;).&nbsp;&nbsp;Como titular a todos los efectos de la presente página web www.byimelda.com y responsable de los ficheros automatizados derivados de la misma, garantiza el íntegro [&hellip;]</p>

<!-- This site is optimized with the Yoast SEO plugin v25.1 - https://yoast.com/wordpress/plugins/seo/ -->
<title>Política de Privacidad - By Imelda</title>
<meta name="robots" content="index, follow, max-snippet:-1, max-image-preview:large, max-video-preview:-1" />
<link rel="canonical" href="https://byimelda.com/?page_id=468" />
<meta property="og:locale" content="es_ES" />
<meta property="og:type" content="article" />
<meta property="og:title" content="Política de Privacidad - By Imelda" />
<meta property="og:description" content="Protección de Datos Imelda Sánchez García, con domicilio en Polígono Industrial El Montalvo III c/ Tercera , 19, 37008, Carbajosa de la Sagrada, Salamanca, con número de C.I.F: 07825831-N (en adelante,&nbsp;ByImelda&nbsp;).&nbsp;&nbsp;Como titular a todos los efectos de la presente página web www.byimelda.com y responsable de los ficheros automatizados derivados de la misma, garantiza el íntegro [&hellip;]" />
<meta property="og:url" content="https://byimelda.com/?page_id=468" />
<meta property="og:site_name" content="By Imelda" />
<meta name="twitter:card" content="summary_large_image" />
<meta name="twitter:label1" content="Tiempo de lectura" />
	<meta name="twitter:data1" content="4 minutos" />
<script type="application/ld+json" class="yoast-schema-graph">{"@context":"https://schema.org","@graph":[{"@type":"WebPage","@id":"https://byimelda.com/?page_id=468","url":"https://byimelda.com/?page_id=468","name":"Política de Privacidad - By Imelda","isPartOf":{"@id":"https://byimelda.com/#website"},"datePublished":"2017-10-10T17:26:07+00:00","breadcrumb":{"@id":"https://byimelda.com/?page_id=468#breadcrumb"},"inLanguage":"es","potentialAction":[{"@type":"ReadAction","target":["https://byimelda.com/?page_id=468"]}]},{"@type":"BreadcrumbList","@id":"https://byimelda.com/?page_id=468#breadcrumb","itemListElement":[{"@type":"ListItem","position":1,"name":"Portada","item":"https://byimelda.com/"},{"@type":"ListItem","position":2,"name":"Política de Privacidad"}]},{"@type":"WebSite","@id":"https://byimelda.com/#website","url":"https://byimelda.com/","name":"By Imelda","description":"Bolsos fabricados en España","publisher":{"@id":"https://byimelda.com/#organization"},"potentialAction":[{"@type":"SearchAction","target":{"@type":"EntryPoint","urlTemplate":"https://byimelda.com/?s={search_term_string}"},"query-input":{"@type":"PropertyValueSpecification","valueRequired":true,"valueName":"search_term_string"}}],"inLanguage":"es"},{"@type":"Organization","@id":"https://byimelda.com/#organization","name":"By Imelda","url":"https://byimelda.com/","logo":{"@type":"ImageObject","inLanguage":"es","@id":"https://byimelda.com/#/schema/logo/image/","url":"https://byimelda.com/wp-content/uploads/2017/06/cropped-logo_con_premios_by_imelda.jpg","contentUrl":"https://byimelda.com/wp-content/uploads/2017/06/cropped-logo_con_premios_by_imelda.jpg","width":217,"height":200,"caption":"By Imelda"},"image":{"@id":"https://byimelda.com/#/schema/logo/image/"}}]}</script>
<!-- / Yoast SEO plugin. -->

Política de Privacidad - By Imelda

Protección de Datos Imelda Sánchez García, con domicilio en Polígono Industrial El Montalvo III c/ Tercera , 19, 37008, Carbajosa de la Sagrada, Salamanca, con número de C.I.F: 07825831-N (en adelante,&nbsp;ByImelda&nbsp;).&nbsp;&nbsp;Como titular a todos los efectos de la presente página web www.byimelda.com y responsable de los ficheros automatizados derivados de la misma, garantiza el íntegro [&hellip;]

Bolsos fabricados en España
