{"id":377,"date":"2017-06-14T16:21:53","date_gmt":"2017-06-14T16:21:53","guid":{"rendered":"http:\/\/byimelda.com\/?page_id=377"},"modified":"2017-06-14T17:12:13","modified_gmt":"2017-06-14T17:12:13","slug":"fabricacion","status":"publish","type":"page","link":"https:\/\/byimelda.com\/?page_id=377","title":{"rendered":"Fabricaci\u00f3n"},"content":{"rendered":"<p style=\"text-align: justify;\">En <strong><em>By Imelda<\/em><\/strong>&nbsp;disponemos de f\u00e1brica propia en Espa\u00f1a, donde dise\u00f1amos y creamos&nbsp;todos nuestros productos de forma artesanal. Dise\u00f1os exclusivos, calidad y perfecci\u00f3n en los detalles hacen de <strong><em>By Imelda<\/em><\/strong> una marca de referencia. Si desea disponer de un producto \u00fanico, de excelente calidad y artesanal en todo su proceso de creaci\u00f3n, no dude en confiar en nuestra marca.&nbsp;<\/p>\n<p style=\"text-align: justify;\">Puede contactar con&nbsp;el Departamento Comercial en C\/ Tercera, 19 \u2013 37188 de Carbajosa de la Sagrada (Salamanca), llamando al tel\u00e9fono (+34)&nbsp;<a class=\"fl r-i5cOqWL8uzvo\" title=\"Llamar a trav\u00e9s de Hangouts\" data-number=\"+34923208225\" data-pstn-out-call-url=\"\" data-rtid=\"i5cOqWL8uzvo\" data-ved=\"0ahUKEwjt0ayIiqnUAhUNJlAKHUxgAZcQkAgIlQEoADAV\">923208225 o mediante el&nbsp;formulario de contacto.<\/a><\/p>\nngg_shortcode_0_placeholder\n","protected":false},"excerpt":{"rendered":"<p>En By Imelda&nbsp;disponemos de f\u00e1brica propia en Espa\u00f1a, donde dise\u00f1amos y creamos&nbsp;todos nuestros productos de forma artesanal. Dise\u00f1os exclusivos, calidad y perfecci\u00f3n en los detalles hacen de By Imelda una marca de referencia. Si desea disponer de un producto \u00fanico, de excelente calidad y artesanal en todo su proceso de creaci\u00f3n, no dude en confiar [&hellip;]<\/p>\n","protected":false},"author":1,"featured_media":0,"parent":0,"menu_order":0,"comment_status":"closed","ping_status":"closed","template":"","meta":{"ngg_post_thumbnail":0,"footnotes":""},"class_list":["post-377","page","type-page","status-publish","hentry"],"yoast_head":"<!-- This site is optimized with the Yoast SEO plugin v25.1 - https:\/\/yoast.com\/wordpress\/plugins\/seo\/ -->\n<title>Fabricaci\u00f3n - By Imelda<\/title>\n<meta name=\"robots\" content=\"index, follow, max-snippet:-1, max-image-preview:large, max-video-preview:-1\" \/>\n<link rel=\"canonical\" href=\"https:\/\/byimelda.com\/?page_id=377\" \/>\n<meta property=\"og:locale\" content=\"es_ES\" \/>\n<meta property=\"og:type\" content=\"article\" \/>\n<meta property=\"og:title\" content=\"Fabricaci\u00f3n - By Imelda\" \/>\n<meta property=\"og:description\" content=\"En By Imelda&nbsp;disponemos de f\u00e1brica propia en Espa\u00f1a, donde dise\u00f1amos y creamos&nbsp;todos nuestros productos de forma artesanal. Dise\u00f1os exclusivos, calidad y perfecci\u00f3n en los detalles hacen de By Imelda una marca de referencia. Si desea disponer de un producto \u00fanico, de excelente calidad y artesanal en todo su proceso de creaci\u00f3n, no dude en confiar [&hellip;]\" \/>\n<meta property=\"og:url\" content=\"https:\/\/byimelda.com\/?page_id=377\" \/>\n<meta property=\"og:site_name\" content=\"By Imelda\" \/>\n<meta property=\"article:modified_time\" content=\"2017-06-14T17:12:13+00:00\" \/>\n<meta name=\"twitter:card\" content=\"summary_large_image\" \/>\n<meta name=\"twitter:label1\" content=\"Tiempo de lectura\" \/>\n\t<meta name=\"twitter:data1\" content=\"1 minuto\" \/>\n<script type=\"application\/ld+json\" class=\"yoast-schema-graph\">{\"@context\":\"https:\/\/schema.org\",\"@graph\":[{\"@type\":\"WebPage\",\"@id\":\"https:\/\/byimelda.com\/?page_id=377\",\"url\":\"https:\/\/byimelda.com\/?page_id=377\",\"name\":\"Fabricaci\u00f3n - By Imelda\",\"isPartOf\":{\"@id\":\"https:\/\/byimelda.com\/#website\"},\"datePublished\":\"2017-06-14T16:21:53+00:00\",\"dateModified\":\"2017-06-14T17:12:13+00:00\",\"breadcrumb\":{\"@id\":\"https:\/\/byimelda.com\/?page_id=377#breadcrumb\"},\"inLanguage\":\"es\",\"potentialAction\":[{\"@type\":\"ReadAction\",\"target\":[\"https:\/\/byimelda.com\/?page_id=377\"]}]},{\"@type\":\"BreadcrumbList\",\"@id\":\"https:\/\/byimelda.com\/?page_id=377#breadcrumb\",\"itemListElement\":[{\"@type\":\"ListItem\",\"position\":1,\"name\":\"Portada\",\"item\":\"https:\/\/byimelda.com\/\"},{\"@type\":\"ListItem\",\"position\":2,\"name\":\"Fabricaci\u00f3n\"}]},{\"@type\":\"WebSite\",\"@id\":\"https:\/\/byimelda.com\/#website\",\"url\":\"https:\/\/byimelda.com\/\",\"name\":\"By Imelda\",\"description\":\"Bolsos fabricados en Espa\u00f1a\",\"publisher\":{\"@id\":\"https:\/\/byimelda.com\/#organization\"},\"potentialAction\":[{\"@type\":\"SearchAction\",\"target\":{\"@type\":\"EntryPoint\",\"urlTemplate\":\"https:\/\/byimelda.com\/?s={search_term_string}\"},\"query-input\":{\"@type\":\"PropertyValueSpecification\",\"valueRequired\":true,\"valueName\":\"search_term_string\"}}],\"inLanguage\":\"es\"},{\"@type\":\"Organization\",\"@id\":\"https:\/\/byimelda.com\/#organization\",\"name\":\"By Imelda\",\"url\":\"https:\/\/byimelda.com\/\",\"logo\":{\"@type\":\"ImageObject\",\"inLanguage\":\"es\",\"@id\":\"https:\/\/byimelda.com\/#\/schema\/logo\/image\/\",\"url\":\"https:\/\/byimelda.com\/wp-content\/uploads\/2017\/06\/cropped-logo_con_premios_by_imelda.jpg\",\"contentUrl\":\"https:\/\/byimelda.com\/wp-content\/uploads\/2017\/06\/cropped-logo_con_premios_by_imelda.jpg\",\"width\":217,\"height\":200,\"caption\":\"By Imelda\"},\"image\":{\"@id\":\"https:\/\/byimelda.com\/#\/schema\/logo\/image\/\"}}]}<\/script>\n<!-- \/ Yoast SEO plugin. -->","yoast_head_json":{"title":"Fabricaci\u00f3n - By Imelda","robots":{"index":"index","follow":"follow","max-snippet":"max-snippet:-1","max-image-preview":"max-image-preview:large","max-video-preview":"max-video-preview:-1"},"canonical":"https:\/\/byimelda.com\/?page_id=377","og_locale":"es_ES","og_type":"article","og_title":"Fabricaci\u00f3n - By Imelda","og_description":"En By Imelda&nbsp;disponemos de f\u00e1brica propia en Espa\u00f1a, donde dise\u00f1amos y creamos&nbsp;todos nuestros productos de forma artesanal. Dise\u00f1os exclusivos, calidad y perfecci\u00f3n en los detalles hacen de By Imelda una marca de referencia. Si desea disponer de un producto \u00fanico, de excelente calidad y artesanal en todo su proceso de creaci\u00f3n, no dude en confiar [&hellip;]","og_url":"https:\/\/byimelda.com\/?page_id=377","og_site_name":"By Imelda","article_modified_time":"2017-06-14T17:12:13+00:00","twitter_card":"summary_large_image","twitter_misc":{"Tiempo de lectura":"1 minuto"},"schema":{"@context":"https:\/\/schema.org","@graph":[{"@type":"WebPage","@id":"https:\/\/byimelda.com\/?page_id=377","url":"https:\/\/byimelda.com\/?page_id=377","name":"Fabricaci\u00f3n - By Imelda","isPartOf":{"@id":"https:\/\/byimelda.com\/#website"},"datePublished":"2017-06-14T16:21:53+00:00","dateModified":"2017-06-14T17:12:13+00:00","breadcrumb":{"@id":"https:\/\/byimelda.com\/?page_id=377#breadcrumb"},"inLanguage":"es","potentialAction":[{"@type":"ReadAction","target":["https:\/\/byimelda.com\/?page_id=377"]}]},{"@type":"BreadcrumbList","@id":"https:\/\/byimelda.com\/?page_id=377#breadcrumb","itemListElement":[{"@type":"ListItem","position":1,"name":"Portada","item":"https:\/\/byimelda.com\/"},{"@type":"ListItem","position":2,"name":"Fabricaci\u00f3n"}]},{"@type":"WebSite","@id":"https:\/\/byimelda.com\/#website","url":"https:\/\/byimelda.com\/","name":"By Imelda","description":"Bolsos fabricados en Espa\u00f1a","publisher":{"@id":"https:\/\/byimelda.com\/#organization"},"potentialAction":[{"@type":"SearchAction","target":{"@type":"EntryPoint","urlTemplate":"https:\/\/byimelda.com\/?s={search_term_string}"},"query-input":{"@type":"PropertyValueSpecification","valueRequired":true,"valueName":"search_term_string"}}],"inLanguage":"es"},{"@type":"Organization","@id":"https:\/\/byimelda.com\/#organization","name":"By Imelda","url":"https:\/\/byimelda.com\/","logo":{"@type":"ImageObject","inLanguage":"es","@id":"https:\/\/byimelda.com\/#\/schema\/logo\/image\/","url":"https:\/\/byimelda.com\/wp-content\/uploads\/2017\/06\/cropped-logo_con_premios_by_imelda.jpg","contentUrl":"https:\/\/byimelda.com\/wp-content\/uploads\/2017\/06\/cropped-logo_con_premios_by_imelda.jpg","width":217,"height":200,"caption":"By Imelda"},"image":{"@id":"https:\/\/byimelda.com\/#\/schema\/logo\/image\/"}}]}},"_links":{"self":[{"href":"https:\/\/byimelda.com\/index.php?rest_route=\/wp\/v2\/pages\/377","targetHints":{"allow":["GET"]}}],"collection":[{"href":"https:\/\/byimelda.com\/index.php?rest_route=\/wp\/v2\/pages"}],"about":[{"href":"https:\/\/byimelda.com\/index.php?rest_route=\/wp\/v2\/types\/page"}],"author":[{"embeddable":true,"href":"https:\/\/byimelda.com\/index.php?rest_route=\/wp\/v2\/users\/1"}],"replies":[{"embeddable":true,"href":"https:\/\/byimelda.com\/index.php?rest_route=%2Fwp%2Fv2%2Fcomments&post=377"}],"version-history":[{"count":8,"href":"https:\/\/byimelda.com\/index.php?rest_route=\/wp\/v2\/pages\/377\/revisions"}],"predecessor-version":[{"id":393,"href":"https:\/\/byimelda.com\/index.php?rest_route=\/wp\/v2\/pages\/377\/revisions\/393"}],"wp:attachment":[{"href":"https:\/\/byimelda.com\/index.php?rest_route=%2Fwp%2Fv2%2Fmedia&parent=377"}],"curies":[{"name":"wp","href":"https:\/\/api.w.org\/{rel}","templated":true}]}}

Fabricación

<p style="text-align: justify;">En <strong><em>By Imelda</em></strong>&nbsp;disponemos de fábrica propia en España, donde diseñamos y creamos&nbsp;todos nuestros productos de forma artesanal. Diseños exclusivos, calidad y perfección en los detalles hacen de <strong><em>By Imelda</em></strong> una marca de referencia. Si desea disponer de un producto único, de excelente calidad y artesanal en todo su proceso de creación, no dude en confiar en nuestra marca.&nbsp;</p>
<p style="text-align: justify;">Puede contactar con&nbsp;el Departamento Comercial en C/ Tercera, 19 – 37188 de Carbajosa de la Sagrada (Salamanca), llamando al teléfono (+34)&nbsp;<a class="fl r-i5cOqWL8uzvo" title="Llamar a través de Hangouts" data-number="+34923208225" data-pstn-out-call-url="" data-rtid="i5cOqWL8uzvo" data-ved="0ahUKEwjt0ayIiqnUAhUNJlAKHUxgAZcQkAgIlQEoADAV">923208225 o mediante el&nbsp;formulario de contacto.</a></p>
ngg_shortcode_0_placeholder

<p>En By Imelda&nbsp;disponemos de fábrica propia en España, donde diseñamos y creamos&nbsp;todos nuestros productos de forma artesanal. Diseños exclusivos, calidad y perfección en los detalles hacen de By Imelda una marca de referencia. Si desea disponer de un producto único, de excelente calidad y artesanal en todo su proceso de creación, no dude en confiar [&hellip;]</p>

<!-- This site is optimized with the Yoast SEO plugin v25.1 - https://yoast.com/wordpress/plugins/seo/ -->
<title>Fabricación - By Imelda</title>
<meta name="robots" content="index, follow, max-snippet:-1, max-image-preview:large, max-video-preview:-1" />
<link rel="canonical" href="https://byimelda.com/?page_id=377" />
<meta property="og:locale" content="es_ES" />
<meta property="og:type" content="article" />
<meta property="og:title" content="Fabricación - By Imelda" />
<meta property="og:description" content="En By Imelda&nbsp;disponemos de fábrica propia en España, donde diseñamos y creamos&nbsp;todos nuestros productos de forma artesanal. Diseños exclusivos, calidad y perfección en los detalles hacen de By Imelda una marca de referencia. Si desea disponer de un producto único, de excelente calidad y artesanal en todo su proceso de creación, no dude en confiar [&hellip;]" />
<meta property="og:url" content="https://byimelda.com/?page_id=377" />
<meta property="og:site_name" content="By Imelda" />
<meta property="article:modified_time" content="2017-06-14T17:12:13+00:00" />
<meta name="twitter:card" content="summary_large_image" />
<meta name="twitter:label1" content="Tiempo de lectura" />
	<meta name="twitter:data1" content="1 minuto" />
<script type="application/ld+json" class="yoast-schema-graph">{"@context":"https://schema.org","@graph":[{"@type":"WebPage","@id":"https://byimelda.com/?page_id=377","url":"https://byimelda.com/?page_id=377","name":"Fabricación - By Imelda","isPartOf":{"@id":"https://byimelda.com/#website"},"datePublished":"2017-06-14T16:21:53+00:00","dateModified":"2017-06-14T17:12:13+00:00","breadcrumb":{"@id":"https://byimelda.com/?page_id=377#breadcrumb"},"inLanguage":"es","potentialAction":[{"@type":"ReadAction","target":["https://byimelda.com/?page_id=377"]}]},{"@type":"BreadcrumbList","@id":"https://byimelda.com/?page_id=377#breadcrumb","itemListElement":[{"@type":"ListItem","position":1,"name":"Portada","item":"https://byimelda.com/"},{"@type":"ListItem","position":2,"name":"Fabricación"}]},{"@type":"WebSite","@id":"https://byimelda.com/#website","url":"https://byimelda.com/","name":"By Imelda","description":"Bolsos fabricados en España","publisher":{"@id":"https://byimelda.com/#organization"},"potentialAction":[{"@type":"SearchAction","target":{"@type":"EntryPoint","urlTemplate":"https://byimelda.com/?s={search_term_string}"},"query-input":{"@type":"PropertyValueSpecification","valueRequired":true,"valueName":"search_term_string"}}],"inLanguage":"es"},{"@type":"Organization","@id":"https://byimelda.com/#organization","name":"By Imelda","url":"https://byimelda.com/","logo":{"@type":"ImageObject","inLanguage":"es","@id":"https://byimelda.com/#/schema/logo/image/","url":"https://byimelda.com/wp-content/uploads/2017/06/cropped-logo_con_premios_by_imelda.jpg","contentUrl":"https://byimelda.com/wp-content/uploads/2017/06/cropped-logo_con_premios_by_imelda.jpg","width":217,"height":200,"caption":"By Imelda"},"image":{"@id":"https://byimelda.com/#/schema/logo/image/"}}]}</script>
<!-- / Yoast SEO plugin. -->

Fabricación - By Imelda

En By Imelda&nbsp;disponemos de fábrica propia en España, donde diseñamos y creamos&nbsp;todos nuestros productos de forma artesanal. Diseños exclusivos, calidad y perfección en los detalles hacen de By Imelda una marca de referencia. Si desea disponer de un producto único, de excelente calidad y artesanal en todo su proceso de creación, no dude en confiar [&hellip;]

Bolsos fabricados en España
