{"id":32,"date":"2017-06-06T07:19:51","date_gmt":"2017-06-06T07:19:51","guid":{"rendered":"http:\/\/byimelda.com\/?page_id=32"},"modified":"2017-10-09T11:25:34","modified_gmt":"2017-10-09T11:25:34","slug":"ferias","status":"publish","type":"page","link":"https:\/\/byimelda.com\/?page_id=32","title":{"rendered":"Ferias"},"content":{"rendered":"<p>&nbsp;<\/p>\n<p>By Imelda participa en las siguientes ferias:<\/p>\n<ul>\n<li><strong>Mipel:<\/strong> Exibici\u00f3n en el sal\u00f3n Glamour y obtenci\u00f3n de los premios \u00abAl Mejor Dise\u00f1o\u00bb y \u00abA la Mejor Calidad\u00bb.<\/li>\n<\/ul>\n<ul>\n<li><strong>Fashion Week Of Am\u00e9rica:<\/strong> participaci\u00f3n en la semana de la moda m\u00e1s importante del mundo, mostrando las diferentes colecciones en&nbsp;los desfiles de mayor prestigio.<\/li>\n<\/ul>\n<ul>\n<li><strong>Pret a Porter (Par\u00eds):<\/strong> By Imelda se desplaza hasta Par\u00eds, para mostrar sus bolsos y complementes con m\u00e1s glamour y tendencia.<\/li>\n<\/ul>\n<ul>\n<li><strong>CPD D\u00fcsseldorf:<\/strong> La&nbsp;feria de moda m\u00e1s completa de Alemania y m\u00e1s grande de Europa, acogi\u00f3 los dise\u00f1os m\u00e1s actuales de By Imelda.<\/li>\n<\/ul>\n<ul>\n<li><strong>Simm Madrid:<\/strong> El Sal\u00f3n Internacional de la Moda es una cita en la cual se exponen todos los modelos nacionales e internacionales, con la presencia de nuestra dise\u00f1adora.<\/li>\n<\/ul>\n<ul>\n<li><strong>Londres:<\/strong> La ciudad m\u00e1s cosmopolita de Europa acoge los dise\u00f1os de By Imelda.<\/li>\n<\/ul>\n<ul>\n<li><strong>Espaciomoda:<\/strong> Feria dedicada al mundo de la moda y los complementos con la demostraci\u00f3n de los modelos m\u00e1s actuales.<\/li>\n<\/ul>\n<ul>\n<li><strong>Moda and Wellness:<\/strong> Feria donde la moda, la belleza y la salud se unen para mostrar las mejores colecciones.<\/li>\n<\/ul>\n<p>&nbsp;<\/p>\n","protected":false},"excerpt":{"rendered":"<p>&nbsp; By Imelda participa en las siguientes ferias: Mipel: Exibici\u00f3n en el sal\u00f3n Glamour y obtenci\u00f3n de los premios \u00abAl Mejor Dise\u00f1o\u00bb y \u00abA la Mejor Calidad\u00bb. Fashion Week Of Am\u00e9rica: participaci\u00f3n en la semana de la moda m\u00e1s importante del mundo, mostrando las diferentes colecciones en&nbsp;los desfiles de mayor prestigio. Pret a Porter (Par\u00eds): [&hellip;]<\/p>\n","protected":false},"author":1,"featured_media":0,"parent":0,"menu_order":0,"comment_status":"closed","ping_status":"closed","template":"","meta":{"ngg_post_thumbnail":0,"footnotes":""},"class_list":["post-32","page","type-page","status-publish","hentry"],"yoast_head":"<!-- This site is optimized with the Yoast SEO plugin v25.1 - https:\/\/yoast.com\/wordpress\/plugins\/seo\/ -->\n<title>By Imelda ferias y eventos<\/title>\n<meta name=\"description\" content=\"ferias en las que estamos presentes: Mil\u00e1n, Par\u00eds, Madrid, Pasarela de la moda Castilla y Le\u00f3n\" \/>\n<meta name=\"robots\" content=\"index, follow, max-snippet:-1, max-image-preview:large, max-video-preview:-1\" \/>\n<link rel=\"canonical\" href=\"https:\/\/byimelda.com\/?page_id=32\" \/>\n<meta property=\"og:locale\" content=\"es_ES\" \/>\n<meta property=\"og:type\" content=\"article\" \/>\n<meta property=\"og:title\" content=\"By Imelda ferias y eventos\" \/>\n<meta property=\"og:description\" content=\"ferias en las que estamos presentes: Mil\u00e1n, Par\u00eds, Madrid, Pasarela de la moda Castilla y Le\u00f3n\" \/>\n<meta property=\"og:url\" content=\"https:\/\/byimelda.com\/?page_id=32\" \/>\n<meta property=\"og:site_name\" content=\"By Imelda\" \/>\n<meta property=\"article:modified_time\" content=\"2017-10-09T11:25:34+00:00\" \/>\n<meta name=\"twitter:card\" content=\"summary_large_image\" \/>\n<meta name=\"twitter:label1\" content=\"Tiempo de lectura\" \/>\n\t<meta name=\"twitter:data1\" content=\"1 minuto\" \/>\n<script type=\"application\/ld+json\" class=\"yoast-schema-graph\">{\"@context\":\"https:\/\/schema.org\",\"@graph\":[{\"@type\":\"WebPage\",\"@id\":\"https:\/\/byimelda.com\/?page_id=32\",\"url\":\"https:\/\/byimelda.com\/?page_id=32\",\"name\":\"By Imelda ferias y eventos\",\"isPartOf\":{\"@id\":\"https:\/\/byimelda.com\/#website\"},\"datePublished\":\"2017-06-06T07:19:51+00:00\",\"dateModified\":\"2017-10-09T11:25:34+00:00\",\"description\":\"ferias en las que estamos presentes: Mil\u00e1n, Par\u00eds, Madrid, Pasarela de la moda Castilla y Le\u00f3n\",\"breadcrumb\":{\"@id\":\"https:\/\/byimelda.com\/?page_id=32#breadcrumb\"},\"inLanguage\":\"es\",\"potentialAction\":[{\"@type\":\"ReadAction\",\"target\":[\"https:\/\/byimelda.com\/?page_id=32\"]}]},{\"@type\":\"BreadcrumbList\",\"@id\":\"https:\/\/byimelda.com\/?page_id=32#breadcrumb\",\"itemListElement\":[{\"@type\":\"ListItem\",\"position\":1,\"name\":\"Portada\",\"item\":\"https:\/\/byimelda.com\/\"},{\"@type\":\"ListItem\",\"position\":2,\"name\":\"Ferias\"}]},{\"@type\":\"WebSite\",\"@id\":\"https:\/\/byimelda.com\/#website\",\"url\":\"https:\/\/byimelda.com\/\",\"name\":\"By Imelda\",\"description\":\"Bolsos fabricados en Espa\u00f1a\",\"publisher\":{\"@id\":\"https:\/\/byimelda.com\/#organization\"},\"potentialAction\":[{\"@type\":\"SearchAction\",\"target\":{\"@type\":\"EntryPoint\",\"urlTemplate\":\"https:\/\/byimelda.com\/?s={search_term_string}\"},\"query-input\":{\"@type\":\"PropertyValueSpecification\",\"valueRequired\":true,\"valueName\":\"search_term_string\"}}],\"inLanguage\":\"es\"},{\"@type\":\"Organization\",\"@id\":\"https:\/\/byimelda.com\/#organization\",\"name\":\"By Imelda\",\"url\":\"https:\/\/byimelda.com\/\",\"logo\":{\"@type\":\"ImageObject\",\"inLanguage\":\"es\",\"@id\":\"https:\/\/byimelda.com\/#\/schema\/logo\/image\/\",\"url\":\"https:\/\/byimelda.com\/wp-content\/uploads\/2017\/06\/cropped-logo_con_premios_by_imelda.jpg\",\"contentUrl\":\"https:\/\/byimelda.com\/wp-content\/uploads\/2017\/06\/cropped-logo_con_premios_by_imelda.jpg\",\"width\":217,\"height\":200,\"caption\":\"By Imelda\"},\"image\":{\"@id\":\"https:\/\/byimelda.com\/#\/schema\/logo\/image\/\"}}]}<\/script>\n<!-- \/ Yoast SEO plugin. -->","yoast_head_json":{"title":"By Imelda ferias y eventos","description":"ferias en las que estamos presentes: Mil\u00e1n, Par\u00eds, Madrid, Pasarela de la moda Castilla y Le\u00f3n","robots":{"index":"index","follow":"follow","max-snippet":"max-snippet:-1","max-image-preview":"max-image-preview:large","max-video-preview":"max-video-preview:-1"},"canonical":"https:\/\/byimelda.com\/?page_id=32","og_locale":"es_ES","og_type":"article","og_title":"By Imelda ferias y eventos","og_description":"ferias en las que estamos presentes: Mil\u00e1n, Par\u00eds, Madrid, Pasarela de la moda Castilla y Le\u00f3n","og_url":"https:\/\/byimelda.com\/?page_id=32","og_site_name":"By Imelda","article_modified_time":"2017-10-09T11:25:34+00:00","twitter_card":"summary_large_image","twitter_misc":{"Tiempo de lectura":"1 minuto"},"schema":{"@context":"https:\/\/schema.org","@graph":[{"@type":"WebPage","@id":"https:\/\/byimelda.com\/?page_id=32","url":"https:\/\/byimelda.com\/?page_id=32","name":"By Imelda ferias y eventos","isPartOf":{"@id":"https:\/\/byimelda.com\/#website"},"datePublished":"2017-06-06T07:19:51+00:00","dateModified":"2017-10-09T11:25:34+00:00","description":"ferias en las que estamos presentes: Mil\u00e1n, Par\u00eds, Madrid, Pasarela de la moda Castilla y Le\u00f3n","breadcrumb":{"@id":"https:\/\/byimelda.com\/?page_id=32#breadcrumb"},"inLanguage":"es","potentialAction":[{"@type":"ReadAction","target":["https:\/\/byimelda.com\/?page_id=32"]}]},{"@type":"BreadcrumbList","@id":"https:\/\/byimelda.com\/?page_id=32#breadcrumb","itemListElement":[{"@type":"ListItem","position":1,"name":"Portada","item":"https:\/\/byimelda.com\/"},{"@type":"ListItem","position":2,"name":"Ferias"}]},{"@type":"WebSite","@id":"https:\/\/byimelda.com\/#website","url":"https:\/\/byimelda.com\/","name":"By Imelda","description":"Bolsos fabricados en Espa\u00f1a","publisher":{"@id":"https:\/\/byimelda.com\/#organization"},"potentialAction":[{"@type":"SearchAction","target":{"@type":"EntryPoint","urlTemplate":"https:\/\/byimelda.com\/?s={search_term_string}"},"query-input":{"@type":"PropertyValueSpecification","valueRequired":true,"valueName":"search_term_string"}}],"inLanguage":"es"},{"@type":"Organization","@id":"https:\/\/byimelda.com\/#organization","name":"By Imelda","url":"https:\/\/byimelda.com\/","logo":{"@type":"ImageObject","inLanguage":"es","@id":"https:\/\/byimelda.com\/#\/schema\/logo\/image\/","url":"https:\/\/byimelda.com\/wp-content\/uploads\/2017\/06\/cropped-logo_con_premios_by_imelda.jpg","contentUrl":"https:\/\/byimelda.com\/wp-content\/uploads\/2017\/06\/cropped-logo_con_premios_by_imelda.jpg","width":217,"height":200,"caption":"By Imelda"},"image":{"@id":"https:\/\/byimelda.com\/#\/schema\/logo\/image\/"}}]}},"_links":{"self":[{"href":"https:\/\/byimelda.com\/index.php?rest_route=\/wp\/v2\/pages\/32","targetHints":{"allow":["GET"]}}],"collection":[{"href":"https:\/\/byimelda.com\/index.php?rest_route=\/wp\/v2\/pages"}],"about":[{"href":"https:\/\/byimelda.com\/index.php?rest_route=\/wp\/v2\/types\/page"}],"author":[{"embeddable":true,"href":"https:\/\/byimelda.com\/index.php?rest_route=\/wp\/v2\/users\/1"}],"replies":[{"embeddable":true,"href":"https:\/\/byimelda.com\/index.php?rest_route=%2Fwp%2Fv2%2Fcomments&post=32"}],"version-history":[{"count":11,"href":"https:\/\/byimelda.com\/index.php?rest_route=\/wp\/v2\/pages\/32\/revisions"}],"predecessor-version":[{"id":412,"href":"https:\/\/byimelda.com\/index.php?rest_route=\/wp\/v2\/pages\/32\/revisions\/412"}],"wp:attachment":[{"href":"https:\/\/byimelda.com\/index.php?rest_route=%2Fwp%2Fv2%2Fmedia&parent=32"}],"curies":[{"name":"wp","href":"https:\/\/api.w.org\/{rel}","templated":true}]}}

<p>&nbsp;</p>
<p>By Imelda participa en las siguientes ferias:</p>
<ul>
<li><strong>Mipel:</strong> Exibición en el salón Glamour y obtención de los premios «Al Mejor Diseño» y «A la Mejor Calidad».</li>
</ul>
<ul>
<li><strong>Fashion Week Of América:</strong> participación en la semana de la moda más importante del mundo, mostrando las diferentes colecciones en&nbsp;los desfiles de mayor prestigio.</li>
</ul>
<ul>
<li><strong>Pret a Porter (París):</strong> By Imelda se desplaza hasta París, para mostrar sus bolsos y complementes con más glamour y tendencia.</li>
</ul>
<ul>
<li><strong>CPD Düsseldorf:</strong> La&nbsp;feria de moda más completa de Alemania y más grande de Europa, acogió los diseños más actuales de By Imelda.</li>
</ul>
<ul>
<li><strong>Simm Madrid:</strong> El Salón Internacional de la Moda es una cita en la cual se exponen todos los modelos nacionales e internacionales, con la presencia de nuestra diseñadora.</li>
</ul>
<ul>
<li><strong>Londres:</strong> La ciudad más cosmopolita de Europa acoge los diseños de By Imelda.</li>
</ul>
<ul>
<li><strong>Espaciomoda:</strong> Feria dedicada al mundo de la moda y los complementos con la demostración de los modelos más actuales.</li>
</ul>
<ul>
<li><strong>Moda and Wellness:</strong> Feria donde la moda, la belleza y la salud se unen para mostrar las mejores colecciones.</li>
</ul>
<p>&nbsp;</p>

<p>&nbsp; By Imelda participa en las siguientes ferias: Mipel: Exibición en el salón Glamour y obtención de los premios «Al Mejor Diseño» y «A la Mejor Calidad». Fashion Week Of América: participación en la semana de la moda más importante del mundo, mostrando las diferentes colecciones en&nbsp;los desfiles de mayor prestigio. Pret a Porter (París): [&hellip;]</p>

<!-- This site is optimized with the Yoast SEO plugin v25.1 - https://yoast.com/wordpress/plugins/seo/ -->
<title>By Imelda ferias y eventos</title>
<meta name="description" content="ferias en las que estamos presentes: Milán, París, Madrid, Pasarela de la moda Castilla y León" />
<meta name="robots" content="index, follow, max-snippet:-1, max-image-preview:large, max-video-preview:-1" />
<link rel="canonical" href="https://byimelda.com/?page_id=32" />
<meta property="og:locale" content="es_ES" />
<meta property="og:type" content="article" />
<meta property="og:title" content="By Imelda ferias y eventos" />
<meta property="og:description" content="ferias en las que estamos presentes: Milán, París, Madrid, Pasarela de la moda Castilla y León" />
<meta property="og:url" content="https://byimelda.com/?page_id=32" />
<meta property="og:site_name" content="By Imelda" />
<meta property="article:modified_time" content="2017-10-09T11:25:34+00:00" />
<meta name="twitter:card" content="summary_large_image" />
<meta name="twitter:label1" content="Tiempo de lectura" />
	<meta name="twitter:data1" content="1 minuto" />
<script type="application/ld+json" class="yoast-schema-graph">{"@context":"https://schema.org","@graph":[{"@type":"WebPage","@id":"https://byimelda.com/?page_id=32","url":"https://byimelda.com/?page_id=32","name":"By Imelda ferias y eventos","isPartOf":{"@id":"https://byimelda.com/#website"},"datePublished":"2017-06-06T07:19:51+00:00","dateModified":"2017-10-09T11:25:34+00:00","description":"ferias en las que estamos presentes: Milán, París, Madrid, Pasarela de la moda Castilla y León","breadcrumb":{"@id":"https://byimelda.com/?page_id=32#breadcrumb"},"inLanguage":"es","potentialAction":[{"@type":"ReadAction","target":["https://byimelda.com/?page_id=32"]}]},{"@type":"BreadcrumbList","@id":"https://byimelda.com/?page_id=32#breadcrumb","itemListElement":[{"@type":"ListItem","position":1,"name":"Portada","item":"https://byimelda.com/"},{"@type":"ListItem","position":2,"name":"Ferias"}]},{"@type":"WebSite","@id":"https://byimelda.com/#website","url":"https://byimelda.com/","name":"By Imelda","description":"Bolsos fabricados en España","publisher":{"@id":"https://byimelda.com/#organization"},"potentialAction":[{"@type":"SearchAction","target":{"@type":"EntryPoint","urlTemplate":"https://byimelda.com/?s={search_term_string}"},"query-input":{"@type":"PropertyValueSpecification","valueRequired":true,"valueName":"search_term_string"}}],"inLanguage":"es"},{"@type":"Organization","@id":"https://byimelda.com/#organization","name":"By Imelda","url":"https://byimelda.com/","logo":{"@type":"ImageObject","inLanguage":"es","@id":"https://byimelda.com/#/schema/logo/image/","url":"https://byimelda.com/wp-content/uploads/2017/06/cropped-logo_con_premios_by_imelda.jpg","contentUrl":"https://byimelda.com/wp-content/uploads/2017/06/cropped-logo_con_premios_by_imelda.jpg","width":217,"height":200,"caption":"By Imelda"},"image":{"@id":"https://byimelda.com/#/schema/logo/image/"}}]}</script>
<!-- / Yoast SEO plugin. -->

ferias en las que estamos presentes: Milán, París, Madrid, Pasarela de la moda Castilla y León

Bolsos fabricados en España
