{"id":305,"date":"2017-06-08T11:07:42","date_gmt":"2017-06-08T11:07:42","guid":{"rendered":"http:\/\/byimelda.com\/?page_id=305"},"modified":"2017-10-10T18:45:12","modified_gmt":"2017-10-10T18:45:12","slug":"by-imelda-coleccion-astracan-verde","status":"publish","type":"page","link":"https:\/\/byimelda.com\/?page_id=305","title":{"rendered":"Colecci\u00f3n Astrac\u00e1n Verde"},"content":{"rendered":"ngg_shortcode_0_placeholder\n","protected":false},"excerpt":{"rendered":"<p>\u00bb order_by=\u00bbsortorder\u00bb order_direction=\u00bbASC\u00bb returns=\u00bbincluded\u00bb maximum_entity_count=\u00bb500&#8243;]<\/p>\n","protected":false},"author":1,"featured_media":0,"parent":0,"menu_order":0,"comment_status":"closed","ping_status":"closed","template":"","meta":{"ngg_post_thumbnail":0,"footnotes":""},"class_list":["post-305","page","type-page","status-publish","hentry"],"yoast_head":"<!-- This site is optimized with the Yoast SEO plugin v25.1 - https:\/\/yoast.com\/wordpress\/plugins\/seo\/ -->\n<title>by imelda colecci\u00f3n astracan verde<\/title>\n<meta name=\"description\" content=\"By imelda colecci\u00f3n astracan verde, fabricado en Espa\u00f1a, en sus intalaciones de Salamanca\" \/>\n<meta name=\"robots\" content=\"index, follow, max-snippet:-1, max-image-preview:large, max-video-preview:-1\" \/>\n<link rel=\"canonical\" href=\"https:\/\/byimelda.com\/?page_id=305\" \/>\n<meta property=\"og:locale\" content=\"es_ES\" \/>\n<meta property=\"og:type\" content=\"article\" \/>\n<meta property=\"og:title\" content=\"by imelda colecci\u00f3n astracan verde\" \/>\n<meta property=\"og:description\" content=\"By imelda colecci\u00f3n astracan verde, fabricado en Espa\u00f1a, en sus intalaciones de Salamanca\" \/>\n<meta property=\"og:url\" content=\"https:\/\/byimelda.com\/?page_id=305\" \/>\n<meta property=\"og:site_name\" content=\"By Imelda\" \/>\n<meta property=\"article:modified_time\" content=\"2017-10-10T18:45:12+00:00\" \/>\n<meta name=\"twitter:card\" content=\"summary_large_image\" \/>\n<script type=\"application\/ld+json\" class=\"yoast-schema-graph\">{\"@context\":\"https:\/\/schema.org\",\"@graph\":[{\"@type\":\"WebPage\",\"@id\":\"https:\/\/byimelda.com\/?page_id=305\",\"url\":\"https:\/\/byimelda.com\/?page_id=305\",\"name\":\"by imelda colecci\u00f3n astracan verde\",\"isPartOf\":{\"@id\":\"https:\/\/byimelda.com\/#website\"},\"datePublished\":\"2017-06-08T11:07:42+00:00\",\"dateModified\":\"2017-10-10T18:45:12+00:00\",\"description\":\"By imelda colecci\u00f3n astracan verde, fabricado en Espa\u00f1a, en sus intalaciones de Salamanca\",\"breadcrumb\":{\"@id\":\"https:\/\/byimelda.com\/?page_id=305#breadcrumb\"},\"inLanguage\":\"es\",\"potentialAction\":[{\"@type\":\"ReadAction\",\"target\":[\"https:\/\/byimelda.com\/?page_id=305\"]}]},{\"@type\":\"BreadcrumbList\",\"@id\":\"https:\/\/byimelda.com\/?page_id=305#breadcrumb\",\"itemListElement\":[{\"@type\":\"ListItem\",\"position\":1,\"name\":\"Portada\",\"item\":\"https:\/\/byimelda.com\/\"},{\"@type\":\"ListItem\",\"position\":2,\"name\":\"Colecci\u00f3n Astrac\u00e1n Verde\"}]},{\"@type\":\"WebSite\",\"@id\":\"https:\/\/byimelda.com\/#website\",\"url\":\"https:\/\/byimelda.com\/\",\"name\":\"By Imelda\",\"description\":\"Bolsos fabricados en Espa\u00f1a\",\"publisher\":{\"@id\":\"https:\/\/byimelda.com\/#organization\"},\"potentialAction\":[{\"@type\":\"SearchAction\",\"target\":{\"@type\":\"EntryPoint\",\"urlTemplate\":\"https:\/\/byimelda.com\/?s={search_term_string}\"},\"query-input\":{\"@type\":\"PropertyValueSpecification\",\"valueRequired\":true,\"valueName\":\"search_term_string\"}}],\"inLanguage\":\"es\"},{\"@type\":\"Organization\",\"@id\":\"https:\/\/byimelda.com\/#organization\",\"name\":\"By Imelda\",\"url\":\"https:\/\/byimelda.com\/\",\"logo\":{\"@type\":\"ImageObject\",\"inLanguage\":\"es\",\"@id\":\"https:\/\/byimelda.com\/#\/schema\/logo\/image\/\",\"url\":\"https:\/\/byimelda.com\/wp-content\/uploads\/2017\/06\/cropped-logo_con_premios_by_imelda.jpg\",\"contentUrl\":\"https:\/\/byimelda.com\/wp-content\/uploads\/2017\/06\/cropped-logo_con_premios_by_imelda.jpg\",\"width\":217,\"height\":200,\"caption\":\"By Imelda\"},\"image\":{\"@id\":\"https:\/\/byimelda.com\/#\/schema\/logo\/image\/\"}}]}<\/script>\n<!-- \/ Yoast SEO plugin. -->","yoast_head_json":{"title":"by imelda colecci\u00f3n astracan verde","description":"By imelda colecci\u00f3n astracan verde, fabricado en Espa\u00f1a, en sus intalaciones de Salamanca","robots":{"index":"index","follow":"follow","max-snippet":"max-snippet:-1","max-image-preview":"max-image-preview:large","max-video-preview":"max-video-preview:-1"},"canonical":"https:\/\/byimelda.com\/?page_id=305","og_locale":"es_ES","og_type":"article","og_title":"by imelda colecci\u00f3n astracan verde","og_description":"By imelda colecci\u00f3n astracan verde, fabricado en Espa\u00f1a, en sus intalaciones de Salamanca","og_url":"https:\/\/byimelda.com\/?page_id=305","og_site_name":"By Imelda","article_modified_time":"2017-10-10T18:45:12+00:00","twitter_card":"summary_large_image","schema":{"@context":"https:\/\/schema.org","@graph":[{"@type":"WebPage","@id":"https:\/\/byimelda.com\/?page_id=305","url":"https:\/\/byimelda.com\/?page_id=305","name":"by imelda colecci\u00f3n astracan verde","isPartOf":{"@id":"https:\/\/byimelda.com\/#website"},"datePublished":"2017-06-08T11:07:42+00:00","dateModified":"2017-10-10T18:45:12+00:00","description":"By imelda colecci\u00f3n astracan verde, fabricado en Espa\u00f1a, en sus intalaciones de Salamanca","breadcrumb":{"@id":"https:\/\/byimelda.com\/?page_id=305#breadcrumb"},"inLanguage":"es","potentialAction":[{"@type":"ReadAction","target":["https:\/\/byimelda.com\/?page_id=305"]}]},{"@type":"BreadcrumbList","@id":"https:\/\/byimelda.com\/?page_id=305#breadcrumb","itemListElement":[{"@type":"ListItem","position":1,"name":"Portada","item":"https:\/\/byimelda.com\/"},{"@type":"ListItem","position":2,"name":"Colecci\u00f3n Astrac\u00e1n Verde"}]},{"@type":"WebSite","@id":"https:\/\/byimelda.com\/#website","url":"https:\/\/byimelda.com\/","name":"By Imelda","description":"Bolsos fabricados en Espa\u00f1a","publisher":{"@id":"https:\/\/byimelda.com\/#organization"},"potentialAction":[{"@type":"SearchAction","target":{"@type":"EntryPoint","urlTemplate":"https:\/\/byimelda.com\/?s={search_term_string}"},"query-input":{"@type":"PropertyValueSpecification","valueRequired":true,"valueName":"search_term_string"}}],"inLanguage":"es"},{"@type":"Organization","@id":"https:\/\/byimelda.com\/#organization","name":"By Imelda","url":"https:\/\/byimelda.com\/","logo":{"@type":"ImageObject","inLanguage":"es","@id":"https:\/\/byimelda.com\/#\/schema\/logo\/image\/","url":"https:\/\/byimelda.com\/wp-content\/uploads\/2017\/06\/cropped-logo_con_premios_by_imelda.jpg","contentUrl":"https:\/\/byimelda.com\/wp-content\/uploads\/2017\/06\/cropped-logo_con_premios_by_imelda.jpg","width":217,"height":200,"caption":"By Imelda"},"image":{"@id":"https:\/\/byimelda.com\/#\/schema\/logo\/image\/"}}]}},"_links":{"self":[{"href":"https:\/\/byimelda.com\/index.php?rest_route=\/wp\/v2\/pages\/305","targetHints":{"allow":["GET"]}}],"collection":[{"href":"https:\/\/byimelda.com\/index.php?rest_route=\/wp\/v2\/pages"}],"about":[{"href":"https:\/\/byimelda.com\/index.php?rest_route=\/wp\/v2\/types\/page"}],"author":[{"embeddable":true,"href":"https:\/\/byimelda.com\/index.php?rest_route=\/wp\/v2\/users\/1"}],"replies":[{"embeddable":true,"href":"https:\/\/byimelda.com\/index.php?rest_route=%2Fwp%2Fv2%2Fcomments&post=305"}],"version-history":[{"count":2,"href":"https:\/\/byimelda.com\/index.php?rest_route=\/wp\/v2\/pages\/305\/revisions"}],"predecessor-version":[{"id":498,"href":"https:\/\/byimelda.com\/index.php?rest_route=\/wp\/v2\/pages\/305\/revisions\/498"}],"wp:attachment":[{"href":"https:\/\/byimelda.com\/index.php?rest_route=%2Fwp%2Fv2%2Fmedia&parent=305"}],"curies":[{"name":"wp","href":"https:\/\/api.w.org\/{rel}","templated":true}]}}

Colección Astracán Verde

<!-- This site is optimized with the Yoast SEO plugin v25.1 - https://yoast.com/wordpress/plugins/seo/ -->
<title>by imelda colección astracan verde</title>
<meta name="description" content="By imelda colección astracan verde, fabricado en España, en sus intalaciones de Salamanca" />
<meta name="robots" content="index, follow, max-snippet:-1, max-image-preview:large, max-video-preview:-1" />
<link rel="canonical" href="https://byimelda.com/?page_id=305" />
<meta property="og:locale" content="es_ES" />
<meta property="og:type" content="article" />
<meta property="og:title" content="by imelda colección astracan verde" />
<meta property="og:description" content="By imelda colección astracan verde, fabricado en España, en sus intalaciones de Salamanca" />
<meta property="og:url" content="https://byimelda.com/?page_id=305" />
<meta property="og:site_name" content="By Imelda" />
<meta property="article:modified_time" content="2017-10-10T18:45:12+00:00" />
<meta name="twitter:card" content="summary_large_image" />
<script type="application/ld+json" class="yoast-schema-graph">{"@context":"https://schema.org","@graph":[{"@type":"WebPage","@id":"https://byimelda.com/?page_id=305","url":"https://byimelda.com/?page_id=305","name":"by imelda colección astracan verde","isPartOf":{"@id":"https://byimelda.com/#website"},"datePublished":"2017-06-08T11:07:42+00:00","dateModified":"2017-10-10T18:45:12+00:00","description":"By imelda colección astracan verde, fabricado en España, en sus intalaciones de Salamanca","breadcrumb":{"@id":"https://byimelda.com/?page_id=305#breadcrumb"},"inLanguage":"es","potentialAction":[{"@type":"ReadAction","target":["https://byimelda.com/?page_id=305"]}]},{"@type":"BreadcrumbList","@id":"https://byimelda.com/?page_id=305#breadcrumb","itemListElement":[{"@type":"ListItem","position":1,"name":"Portada","item":"https://byimelda.com/"},{"@type":"ListItem","position":2,"name":"Colección Astracán Verde"}]},{"@type":"WebSite","@id":"https://byimelda.com/#website","url":"https://byimelda.com/","name":"By Imelda","description":"Bolsos fabricados en España","publisher":{"@id":"https://byimelda.com/#organization"},"potentialAction":[{"@type":"SearchAction","target":{"@type":"EntryPoint","urlTemplate":"https://byimelda.com/?s={search_term_string}"},"query-input":{"@type":"PropertyValueSpecification","valueRequired":true,"valueName":"search_term_string"}}],"inLanguage":"es"},{"@type":"Organization","@id":"https://byimelda.com/#organization","name":"By Imelda","url":"https://byimelda.com/","logo":{"@type":"ImageObject","inLanguage":"es","@id":"https://byimelda.com/#/schema/logo/image/","url":"https://byimelda.com/wp-content/uploads/2017/06/cropped-logo_con_premios_by_imelda.jpg","contentUrl":"https://byimelda.com/wp-content/uploads/2017/06/cropped-logo_con_premios_by_imelda.jpg","width":217,"height":200,"caption":"By Imelda"},"image":{"@id":"https://byimelda.com/#/schema/logo/image/"}}]}</script>
<!-- / Yoast SEO plugin. -->

by imelda colección astracan verde

By imelda colección astracan verde, fabricado en España, en sus intalaciones de Salamanca

Bolsos fabricados en España
