{"id":30,"date":"2017-06-06T07:19:41","date_gmt":"2017-06-06T07:19:41","guid":{"rendered":"http:\/\/byimelda.com\/?page_id=30"},"modified":"2017-06-06T21:01:55","modified_gmt":"2017-06-06T21:01:55","slug":"premios","status":"publish","type":"page","link":"https:\/\/byimelda.com\/?page_id=30","title":{"rendered":"Premios"},"content":{"rendered":"<ul>\n<li>Premio a la Trayectoria Empresarial&nbsp;<\/li>\n<\/ul>\n<ul>\n<li>Dedal de Oro a la mejor Dise\u00f1adora de Bolsos y Complementos en Piel de Lujo<\/li>\n<\/ul>\n<ul>\n<li>Medalla Europea al M\u00e9rito en el Trabajo<\/li>\n<\/ul>\n<ul>\n<li>Medalla de oro de los Reyes Cat\u00f3licos<\/li>\n<\/ul>\n<ul>\n<li>Premio Dise\u00f1o en Mipel Mil\u00e1n<\/li>\n<\/ul>\n<ul>\n<li>Premio Vitrinas en Par\u00eds<\/li>\n<\/ul>\n<ul>\n<li>Premio al Mejor Desfile en Par\u00eds<\/li>\n<\/ul>\n<ul>\n<li>Premio a la Solidaridad y Defensa de la Mujer Trabajadora<\/li>\n<\/ul>\nngg_shortcode_0_placeholder\n","protected":false},"excerpt":{"rendered":"<p>Premio a la Trayectoria Empresarial&nbsp; Dedal de Oro a la mejor Dise\u00f1adora de Bolsos y Complementos en Piel de Lujo Medalla Europea al M\u00e9rito en el Trabajo Medalla de oro de los Reyes Cat\u00f3licos Premio Dise\u00f1o en Mipel Mil\u00e1n Premio Vitrinas en Par\u00eds Premio al Mejor Desfile en Par\u00eds Premio a la Solidaridad y Defensa [&hellip;]<\/p>\n","protected":false},"author":1,"featured_media":0,"parent":0,"menu_order":0,"comment_status":"closed","ping_status":"closed","template":"","meta":{"ngg_post_thumbnail":0,"footnotes":""},"class_list":["post-30","page","type-page","status-publish","hentry"],"yoast_head":"<!-- This site is optimized with the Yoast SEO plugin v25.1 - https:\/\/yoast.com\/wordpress\/plugins\/seo\/ -->\n<title>Premios - By Imelda<\/title>\n<meta name=\"robots\" content=\"index, follow, max-snippet:-1, max-image-preview:large, max-video-preview:-1\" \/>\n<link rel=\"canonical\" href=\"https:\/\/byimelda.com\/?page_id=30\" \/>\n<meta property=\"og:locale\" content=\"es_ES\" \/>\n<meta property=\"og:type\" content=\"article\" \/>\n<meta property=\"og:title\" content=\"Premios - By Imelda\" \/>\n<meta property=\"og:description\" content=\"Premio a la Trayectoria Empresarial&nbsp; Dedal de Oro a la mejor Dise\u00f1adora de Bolsos y Complementos en Piel de Lujo Medalla Europea al M\u00e9rito en el Trabajo Medalla de oro de los Reyes Cat\u00f3licos Premio Dise\u00f1o en Mipel Mil\u00e1n Premio Vitrinas en Par\u00eds Premio al Mejor Desfile en Par\u00eds Premio a la Solidaridad y Defensa [&hellip;]\" \/>\n<meta property=\"og:url\" content=\"https:\/\/byimelda.com\/?page_id=30\" \/>\n<meta property=\"og:site_name\" content=\"By Imelda\" \/>\n<meta property=\"article:modified_time\" content=\"2017-06-06T21:01:55+00:00\" \/>\n<meta name=\"twitter:card\" content=\"summary_large_image\" \/>\n<meta name=\"twitter:label1\" content=\"Tiempo de lectura\" \/>\n\t<meta name=\"twitter:data1\" content=\"1 minuto\" \/>\n<script type=\"application\/ld+json\" class=\"yoast-schema-graph\">{\"@context\":\"https:\/\/schema.org\",\"@graph\":[{\"@type\":\"WebPage\",\"@id\":\"https:\/\/byimelda.com\/?page_id=30\",\"url\":\"https:\/\/byimelda.com\/?page_id=30\",\"name\":\"Premios - By Imelda\",\"isPartOf\":{\"@id\":\"https:\/\/byimelda.com\/#website\"},\"datePublished\":\"2017-06-06T07:19:41+00:00\",\"dateModified\":\"2017-06-06T21:01:55+00:00\",\"breadcrumb\":{\"@id\":\"https:\/\/byimelda.com\/?page_id=30#breadcrumb\"},\"inLanguage\":\"es\",\"potentialAction\":[{\"@type\":\"ReadAction\",\"target\":[\"https:\/\/byimelda.com\/?page_id=30\"]}]},{\"@type\":\"BreadcrumbList\",\"@id\":\"https:\/\/byimelda.com\/?page_id=30#breadcrumb\",\"itemListElement\":[{\"@type\":\"ListItem\",\"position\":1,\"name\":\"Portada\",\"item\":\"https:\/\/byimelda.com\/\"},{\"@type\":\"ListItem\",\"position\":2,\"name\":\"Premios\"}]},{\"@type\":\"WebSite\",\"@id\":\"https:\/\/byimelda.com\/#website\",\"url\":\"https:\/\/byimelda.com\/\",\"name\":\"By Imelda\",\"description\":\"Bolsos fabricados en Espa\u00f1a\",\"publisher\":{\"@id\":\"https:\/\/byimelda.com\/#organization\"},\"potentialAction\":[{\"@type\":\"SearchAction\",\"target\":{\"@type\":\"EntryPoint\",\"urlTemplate\":\"https:\/\/byimelda.com\/?s={search_term_string}\"},\"query-input\":{\"@type\":\"PropertyValueSpecification\",\"valueRequired\":true,\"valueName\":\"search_term_string\"}}],\"inLanguage\":\"es\"},{\"@type\":\"Organization\",\"@id\":\"https:\/\/byimelda.com\/#organization\",\"name\":\"By Imelda\",\"url\":\"https:\/\/byimelda.com\/\",\"logo\":{\"@type\":\"ImageObject\",\"inLanguage\":\"es\",\"@id\":\"https:\/\/byimelda.com\/#\/schema\/logo\/image\/\",\"url\":\"https:\/\/byimelda.com\/wp-content\/uploads\/2017\/06\/cropped-logo_con_premios_by_imelda.jpg\",\"contentUrl\":\"https:\/\/byimelda.com\/wp-content\/uploads\/2017\/06\/cropped-logo_con_premios_by_imelda.jpg\",\"width\":217,\"height\":200,\"caption\":\"By Imelda\"},\"image\":{\"@id\":\"https:\/\/byimelda.com\/#\/schema\/logo\/image\/\"}}]}<\/script>\n<!-- \/ Yoast SEO plugin. -->","yoast_head_json":{"title":"Premios - By Imelda","robots":{"index":"index","follow":"follow","max-snippet":"max-snippet:-1","max-image-preview":"max-image-preview:large","max-video-preview":"max-video-preview:-1"},"canonical":"https:\/\/byimelda.com\/?page_id=30","og_locale":"es_ES","og_type":"article","og_title":"Premios - By Imelda","og_description":"Premio a la Trayectoria Empresarial&nbsp; Dedal de Oro a la mejor Dise\u00f1adora de Bolsos y Complementos en Piel de Lujo Medalla Europea al M\u00e9rito en el Trabajo Medalla de oro de los Reyes Cat\u00f3licos Premio Dise\u00f1o en Mipel Mil\u00e1n Premio Vitrinas en Par\u00eds Premio al Mejor Desfile en Par\u00eds Premio a la Solidaridad y Defensa [&hellip;]","og_url":"https:\/\/byimelda.com\/?page_id=30","og_site_name":"By Imelda","article_modified_time":"2017-06-06T21:01:55+00:00","twitter_card":"summary_large_image","twitter_misc":{"Tiempo de lectura":"1 minuto"},"schema":{"@context":"https:\/\/schema.org","@graph":[{"@type":"WebPage","@id":"https:\/\/byimelda.com\/?page_id=30","url":"https:\/\/byimelda.com\/?page_id=30","name":"Premios - By Imelda","isPartOf":{"@id":"https:\/\/byimelda.com\/#website"},"datePublished":"2017-06-06T07:19:41+00:00","dateModified":"2017-06-06T21:01:55+00:00","breadcrumb":{"@id":"https:\/\/byimelda.com\/?page_id=30#breadcrumb"},"inLanguage":"es","potentialAction":[{"@type":"ReadAction","target":["https:\/\/byimelda.com\/?page_id=30"]}]},{"@type":"BreadcrumbList","@id":"https:\/\/byimelda.com\/?page_id=30#breadcrumb","itemListElement":[{"@type":"ListItem","position":1,"name":"Portada","item":"https:\/\/byimelda.com\/"},{"@type":"ListItem","position":2,"name":"Premios"}]},{"@type":"WebSite","@id":"https:\/\/byimelda.com\/#website","url":"https:\/\/byimelda.com\/","name":"By Imelda","description":"Bolsos fabricados en Espa\u00f1a","publisher":{"@id":"https:\/\/byimelda.com\/#organization"},"potentialAction":[{"@type":"SearchAction","target":{"@type":"EntryPoint","urlTemplate":"https:\/\/byimelda.com\/?s={search_term_string}"},"query-input":{"@type":"PropertyValueSpecification","valueRequired":true,"valueName":"search_term_string"}}],"inLanguage":"es"},{"@type":"Organization","@id":"https:\/\/byimelda.com\/#organization","name":"By Imelda","url":"https:\/\/byimelda.com\/","logo":{"@type":"ImageObject","inLanguage":"es","@id":"https:\/\/byimelda.com\/#\/schema\/logo\/image\/","url":"https:\/\/byimelda.com\/wp-content\/uploads\/2017\/06\/cropped-logo_con_premios_by_imelda.jpg","contentUrl":"https:\/\/byimelda.com\/wp-content\/uploads\/2017\/06\/cropped-logo_con_premios_by_imelda.jpg","width":217,"height":200,"caption":"By Imelda"},"image":{"@id":"https:\/\/byimelda.com\/#\/schema\/logo\/image\/"}}]}},"_links":{"self":[{"href":"https:\/\/byimelda.com\/index.php?rest_route=\/wp\/v2\/pages\/30","targetHints":{"allow":["GET"]}}],"collection":[{"href":"https:\/\/byimelda.com\/index.php?rest_route=\/wp\/v2\/pages"}],"about":[{"href":"https:\/\/byimelda.com\/index.php?rest_route=\/wp\/v2\/types\/page"}],"author":[{"embeddable":true,"href":"https:\/\/byimelda.com\/index.php?rest_route=\/wp\/v2\/users\/1"}],"replies":[{"embeddable":true,"href":"https:\/\/byimelda.com\/index.php?rest_route=%2Fwp%2Fv2%2Fcomments&post=30"}],"version-history":[{"count":8,"href":"https:\/\/byimelda.com\/index.php?rest_route=\/wp\/v2\/pages\/30\/revisions"}],"predecessor-version":[{"id":181,"href":"https:\/\/byimelda.com\/index.php?rest_route=\/wp\/v2\/pages\/30\/revisions\/181"}],"wp:attachment":[{"href":"https:\/\/byimelda.com\/index.php?rest_route=%2Fwp%2Fv2%2Fmedia&parent=30"}],"curies":[{"name":"wp","href":"https:\/\/api.w.org\/{rel}","templated":true}]}}

<ul>
<li>Premio a la Trayectoria Empresarial&nbsp;</li>
</ul>
<ul>
<li>Dedal de Oro a la mejor Diseñadora de Bolsos y Complementos en Piel de Lujo</li>
</ul>
<ul>
<li>Medalla Europea al Mérito en el Trabajo</li>
</ul>
<ul>
<li>Medalla de oro de los Reyes Católicos</li>
</ul>
<ul>
<li>Premio Diseño en Mipel Milán</li>
</ul>
<ul>
<li>Premio Vitrinas en París</li>
</ul>
<ul>
<li>Premio al Mejor Desfile en París</li>
</ul>
<ul>
<li>Premio a la Solidaridad y Defensa de la Mujer Trabajadora</li>
</ul>
ngg_shortcode_0_placeholder

<p>Premio a la Trayectoria Empresarial&nbsp; Dedal de Oro a la mejor Diseñadora de Bolsos y Complementos en Piel de Lujo Medalla Europea al Mérito en el Trabajo Medalla de oro de los Reyes Católicos Premio Diseño en Mipel Milán Premio Vitrinas en París Premio al Mejor Desfile en París Premio a la Solidaridad y Defensa [&hellip;]</p>

<!-- This site is optimized with the Yoast SEO plugin v25.1 - https://yoast.com/wordpress/plugins/seo/ -->
<title>Premios - By Imelda</title>
<meta name="robots" content="index, follow, max-snippet:-1, max-image-preview:large, max-video-preview:-1" />
<link rel="canonical" href="https://byimelda.com/?page_id=30" />
<meta property="og:locale" content="es_ES" />
<meta property="og:type" content="article" />
<meta property="og:title" content="Premios - By Imelda" />
<meta property="og:description" content="Premio a la Trayectoria Empresarial&nbsp; Dedal de Oro a la mejor Diseñadora de Bolsos y Complementos en Piel de Lujo Medalla Europea al Mérito en el Trabajo Medalla de oro de los Reyes Católicos Premio Diseño en Mipel Milán Premio Vitrinas en París Premio al Mejor Desfile en París Premio a la Solidaridad y Defensa [&hellip;]" />
<meta property="og:url" content="https://byimelda.com/?page_id=30" />
<meta property="og:site_name" content="By Imelda" />
<meta property="article:modified_time" content="2017-06-06T21:01:55+00:00" />
<meta name="twitter:card" content="summary_large_image" />
<meta name="twitter:label1" content="Tiempo de lectura" />
	<meta name="twitter:data1" content="1 minuto" />
<script type="application/ld+json" class="yoast-schema-graph">{"@context":"https://schema.org","@graph":[{"@type":"WebPage","@id":"https://byimelda.com/?page_id=30","url":"https://byimelda.com/?page_id=30","name":"Premios - By Imelda","isPartOf":{"@id":"https://byimelda.com/#website"},"datePublished":"2017-06-06T07:19:41+00:00","dateModified":"2017-06-06T21:01:55+00:00","breadcrumb":{"@id":"https://byimelda.com/?page_id=30#breadcrumb"},"inLanguage":"es","potentialAction":[{"@type":"ReadAction","target":["https://byimelda.com/?page_id=30"]}]},{"@type":"BreadcrumbList","@id":"https://byimelda.com/?page_id=30#breadcrumb","itemListElement":[{"@type":"ListItem","position":1,"name":"Portada","item":"https://byimelda.com/"},{"@type":"ListItem","position":2,"name":"Premios"}]},{"@type":"WebSite","@id":"https://byimelda.com/#website","url":"https://byimelda.com/","name":"By Imelda","description":"Bolsos fabricados en España","publisher":{"@id":"https://byimelda.com/#organization"},"potentialAction":[{"@type":"SearchAction","target":{"@type":"EntryPoint","urlTemplate":"https://byimelda.com/?s={search_term_string}"},"query-input":{"@type":"PropertyValueSpecification","valueRequired":true,"valueName":"search_term_string"}}],"inLanguage":"es"},{"@type":"Organization","@id":"https://byimelda.com/#organization","name":"By Imelda","url":"https://byimelda.com/","logo":{"@type":"ImageObject","inLanguage":"es","@id":"https://byimelda.com/#/schema/logo/image/","url":"https://byimelda.com/wp-content/uploads/2017/06/cropped-logo_con_premios_by_imelda.jpg","contentUrl":"https://byimelda.com/wp-content/uploads/2017/06/cropped-logo_con_premios_by_imelda.jpg","width":217,"height":200,"caption":"By Imelda"},"image":{"@id":"https://byimelda.com/#/schema/logo/image/"}}]}</script>
<!-- / Yoast SEO plugin. -->

Premio a la Trayectoria Empresarial&nbsp; Dedal de Oro a la mejor Diseñadora de Bolsos y Complementos en Piel de Lujo Medalla Europea al Mérito en el Trabajo Medalla de oro de los Reyes Católicos Premio Diseño en Mipel Milán Premio Vitrinas en París Premio al Mejor Desfile en París Premio a la Solidaridad y Defensa [&hellip;]

Bolsos fabricados en España
